 + 68*p**2 + 32*p + 25. Let u(t) = -11*i(t) + 4*y(t). What is u(9)?
-6
Let o be ((-76)/(-418))/((-2)/(-44)). Let b(l) = -l**2 + l - 3. Give b(o).
-15
Let m = 23 + -20. Suppose -15 = -m*u - 2*u. Let f be (-98)/21 - 1/u. Let v(j) = j + 7. Give v(f).
2
Let q(p) = -p + 12. Let o be q(11). Let j(u) = 5*u**2 - 2*u + 1. Let h be j(o). Suppose 2*r = -0*r - h. Let w(c) = -2*c**2 + 2*c + 2. Calculate w(r).
-10
Suppose 3*b - 17 = -5. Let j be -2*((-2)/b + -2). Suppose -14 = -i - 3*m, -14 - 8 = -j*i - 3*m. Let f(z) = -z**2 - 2. Determine f(i).
-6
Suppose 5*i = 3 - 18. Let z(u) = 3*u + 6. Let p be z(i). Let a(v) = -v**2 - 2*v - 3. Calculate a(p).
-6
Let r be ((-3)/6)/((-1)/(-12)). Let j(l) = -5*l + 8. Let d(g) = -g + 1. Let o be ((-1)/2)/(3/(-6)). Let q(u) = o*j(u) + r*d(u). Give q(-4).
-2
Let h(b) be the third derivative of 1/6*b**3 - 1/24*b**4 + 0 - 1/60*b**5 + 0*b + 7*b**2. Give h(-2).
-1
Let j(c) = -7*c**2 - 2*c - 1. Let k = 11 - 8. Suppose -m = k*i - 0*i + 1, 0 = 3*m + 2*i + 17. Let s = 6 + m. Calculate j(s).
-6
Suppose 9*o + 28 = 37*o. Let r(i) = i**3 - 7*i**2 + 7*i - 8. Let j be r(6). Let c be j - (2 - (3 + o)). Let d(t) = -t**2 + t + 4. What is d(c)?
4
Let w(n) = n**3 + 4*n**2 - n. Let d = -84 + 81. Determine w(d).
12
Let z = -308 + 308. Let m(t) = t + 4. Determine m(z).
4
Let x(f) = -10*f + 3. Let t be (6/9)/(4/(-6)). Let z = t + 3. Give x(z).
-17
Let z(v) = 2253 - 2248 - 2*v + 3*v. Suppose -5*s + 4 = 4*u + 13, 11 = -3*s - u. What is z(s)?
0
Let b(p) = p**3 + p**2 - p. Let z(f) = 7*f**3 + 6*f**2 - 6*f. Let y(v) = -6*b(v) + z(v). Suppose 3*s = 9, 54*s - 49*s - 7 = 4*r. What is y(r)?
8
Let w(t) = t**2 - 5*t - 8. Suppose 3*z = -i + 18, 2*z + 4*i - 16 = 6. Calculate w(z).
-8
Let d be 3*(4/(-3))/(-2). Let c(r) = 1 + 0*r + 13*r - 5*r + r**2 - 9*r. Let h(i) = 8*i**2 - 8*i + 6. Let k(f) = -5*c(f) + h(f). Determine k(d).
7
Let z(k) = -71*k - 357. Let r be z(-5). Let x(m) = -5*m**2. Calculate x(r).
-20
Let v(p) = -2*p**2 + p + 2. Let k be -2 - (-3 + 0/(-3)). Let o be (16/(-40))/(k/15). Let m be (-1 + 4)*(-4)/o. What is v(m)?
-4
Let d = 74 + -69. Suppose -5*j - 3*y = 37, 2*y = j + 7*y + 3. Let u(b) = -2*b - 23. Let k(i) = i + 15. Let c(a) = j*k(a) - 5*u(a). Give c(d).
5
Let r(t) = -t**2 + 16*t + 3. Let x be ((-110)/25 + 4)*-1*40. Give r(x).
3
Suppose -r + 2*a = 3*a + 9, -3*a = -2*r + 7. Let q(d) = -19785*d - 2*d**2 - 2*d**2 - d**3 + 19787*d. What is q(r)?
-8
Suppose -102*j = -92*j + 20. Let p(o) = -4*o**2 + o + 1. What is p(j)?
-17
Let o(l) = 10*l**2 + 6*l**2 + 1 - 2 - 17*l**2. Suppose 4*y = 5*y. Let j = y + 1. Calculate o(j).
-2
Let m = 56 + -53. Suppose -4 + 5 = -2*o - m*y, 0 = 5*o + 3*y - 11. Let s(i) = -2*i + 3. What is s(o)?
-5
Let f(r) = -8 + 9 + 6 + 0*r**2 - r**2 + 5*r. What is f(5)?
7
Let m be -5*(9/(-3) + 2). Suppose 0 = m*w - 32 + 7. Suppose 0*b - 3*b = 5*r - 4, 0 = -2*b - w*r + 6. Let o(q) = -2*q + 1. Determine o(b).
5
Suppose -j - 693 = 10*j. Let n = j - -69. Let c(l) = l**3 - 6*l**2 + 4. Calculate c(n).
4
Let u(o) be the second derivative of -3*o**3/2 - 2*o**2 - 182*o. Calculate u(7).
-67
Let g(h) be the second derivative of h**5/20 - 11*h**4/12 - 11*h**3/6 - 7*h**2 - 41*h. What is g(12)?
-2
Suppose -5*o + 3*o - 5*w + 17 = 0, 0 = -3*w + 15. Let m be (14/(-8))/(6*o/(-96)). Let y(b) = b**2 + 4*b - 10. What is y(m)?
11
Let o be (-22)/4 + 33/66. Let n(m) = 2*m**2 + 6*m - 4. Determine n(o).
16
Let s(q) = q + 4. Let b(y) = -y**3 - 8*y**2 - 5*y - 18. Let o be b(-6). Let n be (1/(-5) + 78/o)*2. Calculate s(n).
1
Let n(o) = -3*o + 3. Let q(f) = -6*f + 8. Let x(m) = -5*n(m) + 2*q(m). Let h(z) = 5*z + 2. Let a(v) = -6*h(v) + 11*x(v). Determine a(1).
2
Suppose -3*a - 6 = n, 21*n + 18 = -2*a + 25*n. Let r(b) = -3*b**2 + 3*b + 8. Calculate r(a).
-28
Let d(c) = 11 + 12 - c**2 - c + c**3 + 10 - 31. Calculate d(1).
1
Let f(b) = 5*b. Let l be (-236)/(-76) + -3 - 80/38. What is f(l)?
-10
Let h(d) = -626 - 2*d + 3*d + d**3 + 624. Let o = 3 - 5. Let p = 4 + o. Calculate h(p).
8
Let r(d) be the third derivative of -d**7/2520 + d**6/80 + 2*d**5/15 - d**3/2 - 38*d**2. Let f(c) be the third derivative of r(c). What is f(7)?
-5
Let c(p) be the second derivative of -1/3*p**3 - 6*p + 0*p**2 - 1/20*p**5 + 1/4*p**4 + 0. Suppose -3*a = a - w - 5, w - 11 = -4*a. What is c(a)?
0
Let x = 39 + -14. Let u(o) = -21*o - x*o + 42*o. Calculate u(5).
-20
Let w(i) = -i**2 - 2*i - 1. Let r = -13 - -19. Suppose 3*f - y = -13, 5*f + y = r*y - 25. Determine w(f).
-9
Let g(t) be the second derivative of t**4/4 + 7*t**3/3 - t**2/2 + 183*t. Determine g(-5).
4
Let i(h) = -h + 4. Let a = -55 + 58. Let j be 4/(-3) - (-4)/a. Determine i(j).
4
Let n(c) = 4*c**3 - 7*c**2 + 5*c + 7. Let f(x) = -7*x**3 + 13*x**2 - 9*x - 13. Let o(w) = 3*f(w) + 5*n(w). Let u = 3 + 0. What is o(u)?
-1
Suppose -5*m = 6*m + 99. Let l(t) = t**2 + 9*t + 5. Calculate l(m).
5
Let w = 70 + -40. Let f be 1/(3/(-6))*-1. Suppose 0 = 3*r - 4*v - w, -2*r = -r + f*v. Let p(l) = -l**2 + 4*l + 4. What is p(r)?
-8
Let q(k) = -k + 16 + 0*k - 14 + 2*k. Let x = 5 - 3. Give q(x).
4
Let t(a) = 3*a - 11. Suppose -39*l + 175 = -4*l. Calculate t(l).
4
Let b(t) = 43*t + 1 + 48*t - 96*t. Suppose -3*a = -4 - 2. Let r be ((-14)/(-6) - a)*-3. Calculate b(r).
6
Let z(x) = x**3 - 8*x**2 - 19*x - 15. Let a = -749 - -759. What is z(a)?
-5
Let b be 4 + ((-1)/(-5))/((-6)/15). Let d(h) be the first derivative of 3 - b*h**2 + 0*h + 1/3*h**3. Determine d(5).
-10
Let m(o) = 15 - 144*o + 33*o + 35*o + 35*o + 39*o. Calculate m(9).
-3
Suppose -12*o - 6 = 5*v - 13*o, 0 = v + o. Let b(d) = -2*d - 1. Calculate b(v).
1
Let p(n) = 2*n - 15. Suppose 3*j = -4*u + 20, -4*j - 3 = 13. Let c be p(u). Let i(b) = -5*b + 1. What is i(c)?
-4
Let m(y) = -y**3 + 6*y**2 + y + 5. Let h(g) = 13*g**2 - 2*g. Let c be h(2). Suppose -8*z + 0*z + c = 0. Give m(z).
11
Let f(g) = 2*g. Suppose 25 = -5*w, 0 = -3*x + 5*w + 12 + 22. Suppose -x*r + 4*r + 26 = 0. Let q = 24 + r. Calculate f(q).
-4
Suppose 2*c + 10 = -4*n, -3*c + n + 13 = -0*c. Let f(b) = -42*b - 3 + 4 + 42*b - b**2 - c*b**3. Let u(v) = 2*v**3 - v**2 - v + 1. Let i be u(1). Calculate f(i).
-3
Let t(q) = 56*q + 1. Suppose -8 + 12 = 4*g - 2*l, -2*g + 5*l + 2 = 0. Give t(g).
57
Let b(c) = -c**3 - 19*c**2 - 79*c - 11. Let z be b(-13). Let w(h) = 6*h - 7. Determine w(z).
5
Let p(u) = -2*u + 4. Let c(m) = -m**2 - 6*m. Let y be c(-5). Calculate p(y).
-6
Let z(t) be the second derivative of 2*t**2 + 1/6*t**3 + 0 - 5*t. Let s be z(-4). Let b(f) = f + 6. Give b(s).
6
Let u(c) be the second derivative of -c**8/6720 - c**7/630 + c**6/720 + c**5/30 - 5*c**4/3 - 2*c. Let m(p) be the third derivative of u(p). Calculate m(-4).
0
Let c(u) = u**2 - 3. Let f = -12 - -4. Let g(o) = -o**2 - 6*o + 13. Let a be g(f). Determine c(a).
6
Suppose 3*w = -4*d - 8, -6*d + 3*d + 2*w = 6. Let i(k) = 2*k - 3. Determine i(d).
-7
Let l be ((-2 + -4)*1)/((-6)/27). Suppose 0 = -l*g + 26*g. Let u(z) = -z**3 + z**2 - z + 10. What is u(g)?
10
Suppose 23 - 15 = 8*u. Suppose -2*w = -3*w + u. Let t(k) = 7*k + 1. Give t(w).
8
Suppose 41*b - 11 - 317 = 0. Let g(s) be the third derivative of s**6/120 - 7*s**5/60 - 7*s**4/24 - s**3/3 + 3*s**2. What is g(b)?
6
Let g(k) = 4*k**2 + 3*k + 3. Let j be (-4)/(-6) + (-11)/3. Let d(a) = 3*a**2 + 2*a + 2. Let q(n) = j*d(n) + 2*g(n). Let l be (-1)/(4/12) + 5. Give q(l).
-4
Let c(q) = -q**2 + q - 1. Let t(g) = -3*g**2 + 7*g + 2. Let b(n) = -2*c(n) + t(n). What is b(6)?
-2
Suppose 0 = 6*w - 4*w - 6. Let x(y) = y**3 - 4*y**2 - 2*y + 4. What is x(w)?
-11
Let j(b) = -7 - 4*b + b + b. Let p = 1 - 6. Determine j(p).
3
Let n(o) = 0*o + 213 - 220 + o**2 - 7*o. Calculate n(7).
-7
Let r(q) = -q**3 + 2*q**2 + 2*q - 1. Let i be (-69)/(-6) + 3/(-6). Let y = i + -9. Suppose -y*c = 2*a - 12, 4*a - 3 = c + 2*c. Calculate r(a).
-4
Let x = -3 - -3. Let m(n) be the first derivative of n**3/3 - n**2/2 - 11*n - 25. Calculate m(x).
-11
Let v(h) = -5*h**3 + h**2 - 5. Let a be (-6)/24 - 22*3/24. Let c(z) = -4*z**3 + 2*z**2 + z - 5. Let y(b) = a*v(b) + 4*c(b). Determine y(5).
15
Let t = 7 + -6. Let u(r) = -2*r - 5*r + 6*r + 1 + 18*r. Determine u(t).
18
Suppose f + 135 = -5*c, -3*c + 2*c + f = 27. Suppose 3*x - g = 23, -3*x + 3*g = 4*g - 13. Let a be 27/x*36/c. Let l(o) = o + 5. Calculate l(a).
-1
Let p(a) be the second derivative of a**5/20 - 2*a**4/3 - 3